. Let f(r) = -6*i(r) + n(r). Give f(d).
-6
Let a be (182/(-8))/((-234)/72). Let y(g) be the third derivative of g**6/120 - g**5/10 - g**4/3 + 2*g**3/3 - g**2. Calculate y(a).
-3
Let s(b) be the first derivative of b**3/3 - 11*b**2/2 + 11*b - 1588. Calculate s(8).
-13
Let w(s) = -11*s + 74. Suppose 135 = -119528*d + 119555*d. Give w(d).
19
Let y(r) = -5*r**2 + r + 128. Let d(k) = 2*k**2 - 3*k - 43. Let t(u) = -8*d(u) - 3*y(u). What is t(18)?
14
Suppose -5*j + 27 = -4*o + o, 4*j + 5*o + 8 = 0. Suppose 4 = -0*t - t + u, u + j = 0. Let m(a) = -a**3 + 2 - 6*a**2 + 0 - a + 8*a. Give m(t).
2
Let g(b) = 2*b + 4. Let v(a) = -a**2 + 6*a**2 - 3*a**3 - 1 + a**3 - 4*a - a. Let t be v(2). Give g(t).
-10
Let t(i) = 6*i + 16. Suppose -238 = 279*r + 242 + 78. Give t(r).
4
Let b(y) = y**3 + 7*y**2 - 2*y + 17. Let i be b(-7). Suppose 2*r + i = 29. Let w(v) = 31*v. What is w(r)?
-31
Let t(c) = -c**3 - 2*c**2 + 3*c + 7. Suppose 11*j + 21 = 3*y + 8*j, 3*y + 3 = -3*j. Determine t(y).
-29
Let f = 408 + -408. Suppose -4 = 24*v - 25*v - 2*q, 3*v + 5*q - 12 = f. Let s(m) = -m**2 + 3*m - 3. Give s(v).
-7
Let g(r) = -292*r + 1303*r**3 + 293*r - 34*r**2 - 1302*r**3 - 20. What is g(34)?
14
Let v = 3232 - 3232. Let g(b) = -b**2 + 10*b + 7. What is g(v)?
7
Let i(m) = 5*m**2 - 95*m - 216. Let j be i(21). Let h(u) = u**2 + 5*u - 14. Determine h(j).
-8
Let b(c) = c**3 + 5*c**2 + 2*c - 3. Suppose 0 = 69*x - 63*x - 36. Suppose -3*r - j + 20 = -x*r, 0 = r + 2*j - 5. Give b(r).
-13
Suppose 12 = 3*g, -2*h - 4*g + 0 = -30. Let m(q) = -q**3 + 4*q**2 + 20*q. What is m(h)?
-7
Let s be -5 + (605 - 9) + 9/(-3). Suppose 586*r + 2 = s*r. Let p(k) = 29*k - 1. Calculate p(r).
28
Let n(j) = 9*j + 7. Suppose -25 = 10*p - 5*p, p = -4*l - 49. Give n(l).
-92
Let w(q) = -12*q**3 + 11*q**2 + 24*q + 49. Let x(a) = -a**3 + a**2 + 5. Let i(r) = -w(r) + 11*x(r). What is i(-5)?
1
Let v(a) = a**2. Let m = 135 + -225. Let d = 87 + m. Calculate v(d).
9
Let u(n) = 7*n**3 + 68*n**2 - 26*n - 31. Let j be u(-10). Let s(x) be the second derivative of -4*x**2 + 0 + j*x + 0*x**3 + 1/12*x**4. Give s(0).
-8
Let p(v) = 15*v + 51. Suppose -57 = 43*k + 72. Give p(k).
6
Let g(o) be the third derivative of -86*o**2 + 0*o**4 + 0*o + 1/40*o**6 + 0*o**3 + 0 + 0*o**5. Let u(q) = -q - 7. Let d be u(-6). Calculate g(d).
-3
Let j = 338 + -59. Let f = j + -273. Let g(v) = -v + 2. Give g(f).
-4
Let r = 6 - 1. Let z(v) = 324*v**2 - 544*v**2 - 4 - 3 + 221*v**2. Give z(r).
18
Suppose -4273 = -55*k - 21*k - 3817. Let u(f) = 6*f - 40. Give u(k).
-4
Let a(q) = 1 + 168*q - 101*q - 88*q. Calculate a(3).
-62
Let m(t) = 2*t**2 - 13 + 2*t + t + 11. Suppose 6*y + 15 = y. Give m(y).
7
Let r(p) be the first derivative of 23*p**4/4 + p**2/2 - 153. Calculate r(-1).
-24
Let i = -17 - -74. Let o = 59 - i. Let z(n) = -5 - 2 + 6 + n**2 - o*n - 2*n. Give z(5).
4
Let l be (-84 + 80)/((-3)/(-6)). Let i(y) be the second derivative of 0 + 1/20*y**5 + 3*y - 9/2*y**2 + 3/4*y**4 + 7/6*y**3. Calculate i(l).
-1
Let n(a) = -a**3 + 14*a**2 + a - 12. Let z be n(14). Suppose 3*t - 4*c = -z*t + 18, 3*c = -3*t. Let s(w) = 2*w**t + 24 - 7*w - w**2 + 27 - 52. What is s(5)?
-11
Suppose -3*l + 4*d + 37 = 0, 7 = -4*d - 21. Let j(w) = -2*w**2 + 10*w - 14. Calculate j(l).
-2
Let n = 68 + -57. Let x(u) = -5*u**3 - 4*u**2 + 7*u - 4. Let k(h) = -28*h**3 - 20*h**2 + 37*h - 20. Let w(q) = n*x(q) - 2*k(q). Calculate w(4).
8
Let d(m) = m**3 - 3*m**2 - 33*m + 108. Let i be d(5). Let p(a) be the third derivative of a**6/120 + 7*a**5/60 - a**4/12 - 4*a**3/3 + 2*a**2. Calculate p(i).
6
Let d(k) = k**3 + 17*k**2 + 34*k - 25. Suppose -8894 = 6*m - 8804. Calculate d(m).
-85
Let h(b) = -3*b - 46. Let i(n) = 2*n + 30. Let k(a) = -5*h(a) - 8*i(a). Let l be (16/(6 - 4))/(-1). Determine k(l).
-2
Let g be (-1652)/(-1239)*(-3)/(-2). Let s(m) = 2*m**3 - m**2 + 2*m - 3. Determine s(g).
13
Let l(v) = -3*v**2 - 4*v**3 - 53549 - v**3 + 53546 - v**3 - 2*v + 3*v**3. Let g(w) = -3*w**2 - w. Let d be g(-1). Determine l(d).
13
Let k(q) be the third derivative of -q**5/10 + q**4/8 - q**3/6 - 643*q**2. Determine k(2).
-19
Let t(x) = -15*x**2 - 5. Let z(o) = -37 - 34 + 75 + 15*o**2. Let f(m) = -3*t(m) - 4*z(m). Calculate f(-1).
-16
Let y(o) = 112*o + 7. Let d(p) = -132*p - 9. Let c(z) = -5*d(z) - 6*y(z). Give c(-4).
51
Let d(y) = -18 + 37*y + 11*y + 3 - 56*y + 34*y. Give d(0).
-15
Let l(d) be the second derivative of d**4/12 + 2*d**3/3 + 3*d**2/2 + 2*d. Suppose 66*n = 70*n - 24. Let x = -9 + n. What is l(x)?
0
Let n(h) = -11*h - 36*h - 5*h**2 - 18*h + 9 - 5*h. Determine n(-14).
9
Let h(w) = 40*w**2 + 158*w - 9. Let a be h(-4). Let t(i) = -2*i - 5 - 4 + 3 - 2*i. Give t(a).
-2
Let a(c) be the second derivative of -c**3 + 3*c**2 - 2*c. Suppose -1 = 3*l - 4*r, -4 = 2*r - 12. Give a(l).
-24
Let q(y) be the first derivative of -2*y**3/3 - 15*y**2/2 - 17*y + 8858. What is q(-5)?
8
Let w be 2/8 + 9/(72/(-10)). Let z(c) = 5*c**3 + 2. Let o(g) = -1. Let x(l) = -l + 4. Let a be x(5). Let i(u) = a*z(u) - o(u). What is i(w)?
4
Let x(b) be the second derivative of b**4/12 + b**3/2 + 5*b**2/2 + 3*b. Let u = 7624 - 7629. Calculate x(u).
15
Let r(p) = 281*p - 7320. Let d be r(26). Let j(t) = -t**3 - 13*t**2 + 13*t - 8. Determine j(d).
6
Let m(b) be the second derivative of b**3/2 + 43*b**2/2 - 170*b + 3. What is m(-7)?
22
Let t(v) = -35*v**3 + 11*v**2 + 24*v + 44. Let c(p) = -23*p**3 + 10*p**2 + 22*p + 42. Let s(o) = -3*c(o) + 2*t(o). Calculate s(-6).
-2
Let h be (2/1)/(688/(-136) - -5). Let t(a) = 2*a**2 + 70*a + 76. Give t(h).
8
Let y(d) = 287*d - 1081 + 243*d - 450*d - 46. Give y(14).
-7
Let b(y) be the second derivative of -y**4/12 - 8*y**2 + 5*y. Suppose -19*r + 32 = -18*r + 8*q, 3*r = q - 4. Calculate b(r).
-16
Let z(r) = 13*r + 2. Suppose 773 + 2167 = 28*p. Let y = p - 103. Calculate z(y).
28
Suppose 59*t - 192 = -546. Let p(x) = -3*x**3 - x**2 - 15*x + 2. Let a(h) = -h**3 - 5*h + 1. Let i(m) = 17*a(m) - 6*p(m). Determine i(t).
-25
Let h(t) be the first derivative of -7*t**2/2 + 20*t + 4903. Calculate h(10).
-50
Let p(g) = -8 - 11*g - 19*g + 46*g - 19*g. What is p(-1)?
-5
Let g(k) be the third derivative of k**6/120 - k**5/120 - k**4/24 - 7*k**3/2 - 3*k**2. Let o(w) be the first derivative of g(w). What is o(-1)?
3
Let v(h) = 2*h + 4. Let j be 6 + -4 - (-1 + 3). Suppose -2*y + j*y = -6. Let d be (-8)/y*(-63)/28. Determine v(d).
16
Let t(a) be the second derivative of a**3/6 - 3*a**2/2 + 2*a. Let i(m) = -m**3 + 11*m**2 - 2*m - 8. Let k be i(10). Let g = 72 - k. What is t(g)?
-3
Let d(i) = i**2 - 29*i + 149. Let j(w) = -w**3 - 14*w**2 + 6*w + 435. Let c be j(-11). Give d(c).
11
Let r(w) = -w**3 + 2*w**2 + 2. Let h = 59 - 43. Let s be h/(-88) - (-46)/11. Suppose v - 17 = 2*v - 5*y, 0 = s*v + 5*y - 32. What is r(v)?
-7
Let l(p) = 33*p**2 - 5*p + 7. Let c = 35506 - 35504. What is l(c)?
129
Let p(o) = -6*o + 26. Let l(s) = -6*s**3 + 4*s**2 + 22*s + 19. Let u be l(-1). Determine p(u).
-16
Let h(r) = -4*r. Suppose -4 = 5*x - y, -2*y = 4*x + 3*y - 20. Suppose x = 39*w - 44*w. Suppose 5*t = 5*p - 45, 3*t + w*p = -3*p - 3. Give h(t).
20
Let d(p) = -24*p**2 - 6*p + 1. Let s(o) = o. Let t(f) = d(f) + 4*s(f). Suppose -5*q + 4761 = -2*k, 2*q - 5*k - 392 = 1504. Let u = q + -952. Determine t(u).
-25
Let n(d) = d**2 - 7*d - 1. Let s(i) = 7*i - 12. Let v be s(2). Suppose 17 = -4*j - 10*l + 5*l, -3*j + v*l - 7 = 0. Let p be 9 - (5 + j + 1). Give n(p).
-7
Let c(n) be the first derivative of -2*n**3/3 - 3*n**2/2 + 4*n + 1. Let p be 2/(1998/501 + -4). Let q = -170 - p. Give c(q).
-5
Suppose -2*u = 1030*g - 1026*g - 2, g = 4*u + 23. Let a(w) = -8*w**2 + 2*w + 6. Give a(g).
-60
Let o(y) = -4*y**3 - y**2. Let w(q) = -21*q**3 - 6*q**2 + 1. Let g(k) = 11*o(k) - 2*w(k). Let f be g(1). Let h(a) = a**3 + a**2 - 3*a + 1. Give h(f).
-8
Let q(l) be the second derivative of l**4/12 - 10*l**3/3 - 157*l**2/2 + 153*l - 5. Calculate q(-6).
-1
Let z(m) = -1427*m**2 + 2852*m**2 - 5*m - 7 - 1426*m**2. What is z(-4)?
-3
Let k(b) = b**3 - 25*b**2 - 48*b + 54. Let s be k(27). Let x(t) = s*t - 4 + 5 - t**3 - 5*t**2 - 214*t. Determine x(-5).
-9
Suppose -2*o - 4 = 2*p, 2*p = o - 2*o - 7. Let m = o + 2. Let i(g) be the third derivative of -g**5/60 + 5*g**4/12 - 7*g**3/6 - 67*g**2. What is i(m)?
18
Let v(u) = -58 - 1679*u + 840*u + 842*u. Give v(23).
11
Let t